{"id":361,"date":"2024-03-20T07:40:17","date_gmt":"2024-03-20T05:40:17","guid":{"rendered":"http:\/\/mountainleader.ro\/?page_id=361"},"modified":"2025-12-27T11:26:42","modified_gmt":"2025-12-27T09:26:42","slug":"about-me","status":"publish","type":"page","link":"https:\/\/mountainleader.ro\/ro\/about-me\/","title":{"rendered":"Despre Mine"},"content":{"rendered":"<div id=\"ez-toc-container\" class=\"ez-toc-v2_0_82_2 counter-hierarchy ez-toc-counter ez-toc-grey ez-toc-container-direction\">\n<div class=\"ez-toc-title-container\">\n<p class=\"ez-toc-title\" style=\"cursor:inherit\">Cuprins<\/p>\n<span class=\"ez-toc-title-toggle\"><a href=\"#\" class=\"ez-toc-pull-right ez-toc-btn ez-toc-btn-xs ez-toc-btn-default ez-toc-toggle\" aria-label=\"Toggle Table of Content\"><span class=\"ez-toc-js-icon-con\"><span class=\"\"><span class=\"eztoc-hide\" style=\"display:none;\">Toggle<\/span><span class=\"ez-toc-icon-toggle-span\"><svg style=\"fill: #999;color:#999\" xmlns=\"http:\/\/www.w3.org\/2000\/svg\" class=\"list-377408\" width=\"20px\" height=\"20px\" viewbox=\"0 0 24 24\" fill=\"none\"><path d=\"M6 6H4v2h2V6zm14 0H8v2h12V6zM4 11h2v2H4v-2zm16 0H8v2h12v-2zM4 16h2v2H4v-2zm16 0H8v2h12v-2z\" fill=\"currentColor\"><\/path><\/svg><svg style=\"fill: #999;color:#999\" class=\"arrow-unsorted-368013\" xmlns=\"http:\/\/www.w3.org\/2000\/svg\" width=\"10px\" height=\"10px\" viewbox=\"0 0 24 24\" version=\"1.2\" baseprofile=\"tiny\"><path d=\"M18.2 9.3l-6.2-6.3-6.2 6.3c-.2.2-.3.4-.3.7s.1.5.3.7c.2.2.4.3.7.3h11c.3 0 .5-.1.7-.3.2-.2.3-.5.3-.7s-.1-.5-.3-.7zM5.8 14.7l6.2 6.3 6.2-6.3c.2-.2.3-.5.3-.7s-.1-.5-.3-.7c-.2-.2-.4-.3-.7-.3h-11c-.3 0-.5.1-.7.3-.2.2-.3.5-.3.7s.1.5.3.7z\"\/><\/svg><\/span><\/span><\/span><\/a><\/span><\/div>\n<nav><ul class='ez-toc-list ez-toc-list-level-1' ><li class='ez-toc-page-1 ez-toc-heading-level-4'><a class=\"ez-toc-link ez-toc-heading-1\" href=\"https:\/\/mountainleader.ro\/ro\/about-me\/#International_Mountain_Leader_experience\" >International Mountain Leader experience:<\/a><\/li><li class='ez-toc-page-1 ez-toc-heading-level-4'><a class=\"ez-toc-link ez-toc-heading-2\" href=\"https:\/\/mountainleader.ro\/ro\/about-me\/#Achievements_as_international_mountain_leader\" >Achievements as international mountain leader:<\/a><\/li><li class='ez-toc-page-1 ez-toc-heading-level-4'><a class=\"ez-toc-link ez-toc-heading-3\" href=\"https:\/\/mountainleader.ro\/ro\/about-me\/#Qualifications\" >Qualifications:<\/a><\/li><\/ul><\/nav><\/div>\n<h4><span class=\"ez-toc-section\" id=\"International_Mountain_Leader_experience\"><\/span><img loading=\"lazy\" decoding=\"async\" class=\"alignleft wp-image-99 size-medium\" src=\"data:image\/gif;base64,R0lGODlhAQABAAAAACH5BAEKAAEALAAAAAABAAEAAAICTAEAOw==\" data-layzr=\"https:\/\/mountainleader.ro\/wp-content\/uploads\/2018\/02\/IMG_4858-300x200.jpg\" alt=\"about me\" width=\"300\" height=\"200\" \/><strong>International Mountain Leader experience:<\/strong><span class=\"ez-toc-section-end\"><\/span><\/h4>\n<ul>\n<li>I have planned and led mountain and sightseeing tours for groups of tourists from UK, USA, Australia, Ireland, France, Israel, Ukraine, New Zealand, Denmark, Norway, Mexico, Spain, Switzerland and South Africa;<\/li>\n<li>In 2009 and 2010 I was involved in planning and running ACF Oxfordshire Cadets Expeditions in Fagaras Mountains;<\/li>\n<li>In April 2011 I\u2019ve joined KEGS (King Edward VI Grammar School-Chelmsford, Essex-UK) expedition to Morocco;<\/li>\n<li>In July 2012 I\u2019ve joined KEGS expedition to Mongolia;<\/li>\n<li>In 2011, 2012, 2013, 2015, 2016, 2017, 2018 and 2023 I had run KEGS expeditions to Romania;<\/li>\n<li>I have provided advisory and I have prepared tentative tours for school expeditions providers from UK ( Far Frontiers, Adventure Works, British Exploring Society and Outlook Expeditions);<\/li>\n<li>In 2012, 2014, 2016, 2023 and 2025, I have planned and led my own expeditions to Morocco;<\/li>\n<li>In 2014 I have planned and guided the expedition in Fagaras Mountains for a team of 201 Field Hospital from Newcastle, UK;<\/li>\n<li>In 2017, 2018, 2019 and 2025, I had planned and run my expeditions in Nepal.<\/li>\n<li>In 2024 and 2025 I had planned and led my expedition in Turkey.<\/li>\n<\/ul>\n<h4><span class=\"ez-toc-section\" id=\"Achievements_as_international_mountain_leader\"><\/span>Achievements as international mountain leader:<span class=\"ez-toc-section-end\"><\/span><\/h4>\n<ul>\n<li>Ascensiuni pe majoritatea v\u00e2rfurilor cu altitudini de peste 2000m din Carpa\u021bii Meridionali (Mun\u021bii F\u0103g\u0103ra\u0219, Piatra Craiului, Bucegi, Retezat), ROM\u00c2NIA;<\/li>\n<li>Escaladarea v\u00e2rfurilor Pikes (4302m) \u0219i Mount Rosa (3505m), Colorado, S.U.A.<\/li>\n<li>Escaladarea v\u00e2rfurilor Gemsstock (2963m) \u0219i Winterhorn (2660m), ELVE\u021aIA.<\/li>\n<li>Parcurgerea traseului Snowdon Horseshoe, \u021aara Galilor, MAREA BRITANIE.<\/li>\n<li>Parcurgerea V\u0103ii Dades, a V\u0103ii Ourika \u0219i ascensiuni pe vf. Toubkal (4167m) \u0219i Ouanoukrim (4089m), MAROC.<\/li>\n<li>Parcurgerea Traseului celor 8 lacuri din muntii Khanggai, Mongol Els, MONGOLIA<\/li>\n<li>Ascensiuni pe v\u00e2rful Myticas (2918m), mun\u021bii Olimp, GRECIA;<\/li>\n<li>Ascensiuni pe v\u00e2rfurile Musala (2925m), Vihren (2914m), Malka Musala (2902m), Irenek (2852m) \u0219i Deno (2790m), BULGARIA;<\/li>\n<li>Parcurgerea traseului de trekking c\u0103tre tab\u0103ra de baz\u0103 a Everestului (Everest Base Camp-5364m), via trec\u0103toarea Cho La (5420m) \u0219i lacurile Gokyo, cu ascensiuni pe v\u00e2rfurile Gokyo Ri (5357m) \u0219i Kala Patthar (5550m)<\/li>\n<li>Circuitul vulcanilor din estul Turciei - Ararat (5137m), Suphan (4058m), Nemrut (3050m)<\/li>\n<\/ul>\n<h4><span class=\"ez-toc-section\" id=\"Qualifications\"><\/span>Qualifications:<span class=\"ez-toc-section-end\"><\/span><\/h4>\n<ul>\n<li>Agent de turism \/ Ghid local de turism<\/li>\n<li>National Tour Guide \/ Mountain Guide \u2013 (license 10077);<\/li>\n<li>International Mountain Leader;<\/li>\n<li>First Aid Training \u2013 (certificate FPS 11\/265\/12.05.2024, issued by UPU-SMURD Tg. Mures);<\/li>\n<li>Wilderness First Aid Training<\/li>\n<li>US Special Forces Mountaineering Master Trainer Course, 1997, Fort Carson, Colorado, USA(qualified as Mountaineering Master Trainer level 2);<\/li>\n<li>Military Ski Trainers Course, 2000, Saalfelden, AUSTRIA;<\/li>\n<li>Avalanche Training Course, 2003, Andermatt, SWITZERLAND;<\/li>\n<\/ul>\n<p>I am a member of <a href=\"https:\/\/sgvh.hr\/\" target=\"_blank\" rel=\"noopener\">SGVH<\/a> \u2013 Savez Gorskih Vodica Hrvatske (Croatian Mountain Guides Association), internationaly affiliated to <a href=\"https:\/\/www.uimla.org\/\" target=\"_blank\" rel=\"noopener noreferrer\">UIMLA<\/a>.<\/p>\n<p>If you want to have a better view of the tours and expeditions runned by myself, please check the <a href=\"https:\/\/mountainleader.ro\/ro\/trip-search-result\/\">Trip Search Result<\/a>.<\/p>\n<p>Please feel free to join a trip led by a qualified international mountain leader. That will guarantee your safety and I will look carefully about your needs.<\/p>\n<p><a href=\"https:\/\/mountainleader.ro\/ro\/\">Intro<\/a><\/p>\n<p>\u00a0<\/p>","protected":false},"excerpt":{"rendered":"<p>International Mountain Leader experience: I have planned and led mountain and sightseeing tours for groups of tourists from UK, USA, Australia, Ireland, France, Israel, Ukraine, New Zealand, Denmark, Norway, Mexico, Spain, Switzerland and South Africa; In 2009 and 2010 I was involved in planning and &hellip; <\/p>","protected":false},"author":1,"featured_media":99,"parent":0,"menu_order":0,"comment_status":"closed","ping_status":"closed","template":"templates\/about.php","meta":{"footnotes":""},"class_list":["post-361","page","type-page","status-publish","has-post-thumbnail","hentry","latest_post"],"yoast_head":"<!-- This site is optimized with the Yoast SEO plugin v27.3 - https:\/\/yoast.com\/product\/yoast-seo-wordpress\/ -->\n<title>About Me - Professional background and experience - Romanian Mountain Leader<\/title>\n<meta name=\"description\" content=\"I invite you reading all info about me, and my qualifications, training and experience gained along many years in the mountains.\" \/>\n<meta name=\"robots\" content=\"index, follow, max-snippet:-1, max-image-preview:large, max-video-preview:-1\" \/>\n<link rel=\"canonical\" href=\"https:\/\/mountainleader.ro\/ro\/about-me\/\" \/>\n<meta property=\"og:locale\" content=\"ro_RO\" \/>\n<meta property=\"og:type\" content=\"article\" \/>\n<meta property=\"og:title\" content=\"About Me - Professional background and experience - Romanian Mountain Leader\" \/>\n<meta property=\"og:description\" content=\"I invite you reading all info about me, and my qualifications, training and experience gained along many years in the mountains.\" \/>\n<meta property=\"og:url\" content=\"https:\/\/mountainleader.ro\/ro\/about-me\/\" \/>\n<meta property=\"og:site_name\" content=\"Romanian Mountain Leader\" \/>\n<meta property=\"article:publisher\" content=\"https:\/\/www.facebook.com\/RMLGuidedToursNew\" \/>\n<meta property=\"article:modified_time\" content=\"2025-12-27T09:26:42+00:00\" \/>\n<meta property=\"og:image\" content=\"https:\/\/mountainleader.ro\/wp-content\/uploads\/2018\/02\/IMG_4858.jpg\" \/>\n\t<meta property=\"og:image:width\" content=\"1920\" \/>\n\t<meta property=\"og:image:height\" content=\"1280\" \/>\n\t<meta property=\"og:image:type\" content=\"image\/jpeg\" \/>\n<meta name=\"twitter:card\" content=\"summary_large_image\" \/>\n<meta name=\"twitter:site\" content=\"@RMLGuidedTours\" \/>\n<meta name=\"twitter:label1\" content=\"Timp estimat pentru citire\" \/>\n\t<meta name=\"twitter:data1\" content=\"3 minute\" \/>\n<!-- \/ Yoast SEO plugin. -->","yoast_head_json":{"title":"About Me - Professional background and experience - Romanian Mountain Leader","description":"I invite you reading all info about me, and my qualifications, training and experience gained along many years in the mountains.","robots":{"index":"index","follow":"follow","max-snippet":"max-snippet:-1","max-image-preview":"max-image-preview:large","max-video-preview":"max-video-preview:-1"},"canonical":"https:\/\/mountainleader.ro\/ro\/about-me\/","og_locale":"ro_RO","og_type":"article","og_title":"About Me - Professional background and experience - Romanian Mountain Leader","og_description":"I invite you reading all info about me, and my qualifications, training and experience gained along many years in the mountains.","og_url":"https:\/\/mountainleader.ro\/ro\/about-me\/","og_site_name":"Romanian Mountain Leader","article_publisher":"https:\/\/www.facebook.com\/RMLGuidedToursNew","article_modified_time":"2025-12-27T09:26:42+00:00","og_image":[{"width":1920,"height":1280,"url":"https:\/\/mountainleader.ro\/wp-content\/uploads\/2018\/02\/IMG_4858.jpg","type":"image\/jpeg"}],"twitter_card":"summary_large_image","twitter_site":"@RMLGuidedTours","twitter_misc":{"Timp estimat pentru citire":"3 minute"},"schema":{"@context":"https:\/\/schema.org","@graph":[{"@type":"WebPage","@id":"https:\/\/mountainleader.ro\/about-me\/","url":"https:\/\/mountainleader.ro\/about-me\/","name":"About Me - Professional background and experience - Romanian Mountain Leader","isPartOf":{"@id":"https:\/\/mountainleader.ro\/#website"},"primaryImageOfPage":{"@id":"https:\/\/mountainleader.ro\/about-me\/#primaryimage"},"image":{"@id":"https:\/\/mountainleader.ro\/about-me\/#primaryimage"},"thumbnailUrl":"https:\/\/mountainleader.ro\/wp-content\/uploads\/2018\/02\/IMG_4858.jpg","datePublished":"2024-03-20T05:40:17+00:00","dateModified":"2025-12-27T09:26:42+00:00","description":"I invite you reading all info about me, and my qualifications, training and experience gained along many years in the mountains.","breadcrumb":{"@id":"https:\/\/mountainleader.ro\/about-me\/#breadcrumb"},"inLanguage":"ro-RO","potentialAction":[{"@type":"ReadAction","target":["https:\/\/mountainleader.ro\/about-me\/"]}]},{"@type":"ImageObject","inLanguage":"ro-RO","@id":"https:\/\/mountainleader.ro\/about-me\/#primaryimage","url":"https:\/\/mountainleader.ro\/wp-content\/uploads\/2018\/02\/IMG_4858.jpg","contentUrl":"https:\/\/mountainleader.ro\/wp-content\/uploads\/2018\/02\/IMG_4858.jpg","width":1920,"height":1280,"caption":"international mountain leader"},{"@type":"BreadcrumbList","@id":"https:\/\/mountainleader.ro\/about-me\/#breadcrumb","itemListElement":[{"@type":"ListItem","position":1,"name":"Home","item":"https:\/\/mountainleader.ro\/"},{"@type":"ListItem","position":2,"name":"About Me"}]},{"@type":"WebSite","@id":"https:\/\/mountainleader.ro\/#website","url":"https:\/\/mountainleader.ro\/","name":"RML Guided Tours","description":"Guided tours in Romania and abroad: hiking, sightseeing, via ferrata, snowshoeing!","publisher":{"@id":"https:\/\/mountainleader.ro\/#organization"},"potentialAction":[{"@type":"SearchAction","target":{"@type":"EntryPoint","urlTemplate":"https:\/\/mountainleader.ro\/?s={search_term_string}"},"query-input":{"@type":"PropertyValueSpecification","valueRequired":true,"valueName":"search_term_string"}}],"inLanguage":"ro-RO"},{"@type":"Organization","@id":"https:\/\/mountainleader.ro\/#organization","name":"Bana Florin George PFA","url":"https:\/\/mountainleader.ro\/","logo":{"@type":"ImageObject","inLanguage":"ro-RO","@id":"https:\/\/mountainleader.ro\/#\/schema\/logo\/image\/","url":"https:\/\/mountainleader.ro\/wp-content\/uploads\/2020\/01\/RML-Guided-Tours-scaled.jpg","contentUrl":"https:\/\/mountainleader.ro\/wp-content\/uploads\/2020\/01\/RML-Guided-Tours-scaled.jpg","width":2048,"height":2048,"caption":"Bana Florin George PFA"},"image":{"@id":"https:\/\/mountainleader.ro\/#\/schema\/logo\/image\/"},"sameAs":["https:\/\/www.facebook.com\/RMLGuidedToursNew","https:\/\/x.com\/RMLGuidedTours","https:\/\/www.instagram.com\/rml_guided_tours\/"]}]}},"_links":{"self":[{"href":"https:\/\/mountainleader.ro\/ro\/wp-json\/wp\/v2\/pages\/361","targetHints":{"allow":["GET"]}}],"collection":[{"href":"https:\/\/mountainleader.ro\/ro\/wp-json\/wp\/v2\/pages"}],"about":[{"href":"https:\/\/mountainleader.ro\/ro\/wp-json\/wp\/v2\/types\/page"}],"author":[{"embeddable":true,"href":"https:\/\/mountainleader.ro\/ro\/wp-json\/wp\/v2\/users\/1"}],"replies":[{"embeddable":true,"href":"https:\/\/mountainleader.ro\/ro\/wp-json\/wp\/v2\/comments?post=361"}],"version-history":[{"count":0,"href":"https:\/\/mountainleader.ro\/ro\/wp-json\/wp\/v2\/pages\/361\/revisions"}],"wp:featuredmedia":[{"embeddable":true,"href":"https:\/\/mountainleader.ro\/ro\/wp-json\/wp\/v2\/media\/99"}],"wp:attachment":[{"href":"https:\/\/mountainleader.ro\/ro\/wp-json\/wp\/v2\/media?parent=361"}],"curies":[{"name":"wp","href":"https:\/\/api.w.org\/{rel}","templated":true}]}}

<div id="ez-toc-container" class="ez-toc-v2_0_82_2 counter-hierarchy ez-toc-counter ez-toc-grey ez-toc-container-direction">
<div class="ez-toc-title-container">
<p class="ez-toc-title" style="cursor:inherit">Cuprins</p>
<span class="ez-toc-title-toggle"><a href="#" class="ez-toc-pull-right ez-toc-btn ez-toc-btn-xs ez-toc-btn-default ez-toc-toggle" aria-label="Toggle Table of Content"><span class="ez-toc-js-icon-con"><span class=""><span class="eztoc-hide" style="display:none;">Toggle</span><span class="ez-toc-icon-toggle-span"><svg style="fill: #999;color:#999" xmlns="http://www.w3.org/2000/svg" class="list-377408" width="20px" height="20px" viewbox="0 0 24 24" fill="none"><path d="M6 6H4v2h2V6zm14 0H8v2h12V6zM4 11h2v2H4v-2zm16 0H8v2h12v-2zM4 16h2v2H4v-2zm16 0H8v2h12v-2z" fill="currentColor"></path></svg><svg style="fill: #999;color:#999" class="arrow-unsorted-368013" xmlns="http://www.w3.org/2000/svg" width="10px" height="10px" viewbox="0 0 24 24" version="1.2" baseprofile="tiny"><path d="M18.2 9.3l-6.2-6.3-6.2 6.3c-.2.2-.3.4-.3.7s.1.5.3.7c.2.2.4.3.7.3h11c.3 0 .5-.1.7-.3.2-.2.3-.5.3-.7s-.1-.5-.3-.7zM5.8 14.7l6.2 6.3 6.2-6.3c.2-.2.3-.5.3-.7s-.1-.5-.3-.7c-.2-.2-.4-.3-.7-.3h-11c-.3 0-.5.1-.7.3-.2.2-.3.5-.3.7s.1.5.3.7z"/></svg></span></span></span></a></span></div>
<nav><ul class='ez-toc-list ez-toc-list-level-1' ><li class='ez-toc-page-1 ez-toc-heading-level-4'><a class="ez-toc-link ez-toc-heading-1" href="https://mountainleader.ro/ro/about-me/#International_Mountain_Leader_experience" >International Mountain Leader experience:</a></li><li class='ez-toc-page-1 ez-toc-heading-level-4'><a class="ez-toc-link ez-toc-heading-2" href="https://mountainleader.ro/ro/about-me/#Achievements_as_international_mountain_leader" >Achievements as international mountain leader:</a></li><li class='ez-toc-page-1 ez-toc-heading-level-4'><a class="ez-toc-link ez-toc-heading-3" href="https://mountainleader.ro/ro/about-me/#Qualifications" >Qualifications:</a></li></ul></nav></div>
<h4><span class="ez-toc-section" id="International_Mountain_Leader_experience"></span><img loading="lazy" decoding="async" class="alignleft wp-image-99 size-medium" src="data:image/gif;base64,R0lGODlhAQABAAAAACH5BAEKAAEALAAAAAABAAEAAAICTAEAOw==" data-layzr="https://mountainleader.ro/wp-content/uploads/2018/02/IMG_4858-300x200.jpg" alt="about me" width="300" height="200" /><strong>International Mountain Leader experience:</strong><span class="ez-toc-section-end"></span></h4>
<ul>
<li>I have planned and led mountain and sightseeing tours for groups of tourists from UK, USA, Australia, Ireland, France, Israel, Ukraine, New Zealand, Denmark, Norway, Mexico, Spain, Switzerland and South Africa;</li>
<li>In 2009 and 2010 I was involved in planning and running ACF Oxfordshire Cadets Expeditions in Fagaras Mountains;</li>
<li>In April 2011 I’ve joined KEGS (King Edward VI Grammar School-Chelmsford, Essex-UK) expedition to Morocco;</li>
<li>In July 2012 I’ve joined KEGS expedition to Mongolia;</li>
<li>In 2011, 2012, 2013, 2015, 2016, 2017, 2018 and 2023 I had run KEGS expeditions to Romania;</li>
<li>I have provided advisory and I have prepared tentative tours for school expeditions providers from UK ( Far Frontiers, Adventure Works, British Exploring Society and Outlook Expeditions);</li>
<li>In 2012, 2014, 2016, 2023 and 2025, I have planned and led my own expeditions to Morocco;</li>
<li>In 2014 I have planned and guided the expedition in Fagaras Mountains for a team of 201 Field Hospital from Newcastle, UK;</li>
<li>In 2017, 2018, 2019 and 2025, I had planned and run my expeditions in Nepal.</li>
<li>In 2024 and 2025 I had planned and led my expedition in Turkey.</li>
</ul>
<h4><span class="ez-toc-section" id="Achievements_as_international_mountain_leader"></span>Achievements as international mountain leader:<span class="ez-toc-section-end"></span></h4>
<ul>
<li>Ascensiuni pe majoritatea vârfurilor cu altitudini de peste 2000m din Carpații Meridionali (Munții Făgăraș, Piatra Craiului, Bucegi, Retezat), ROMÂNIA;</li>
<li>Escaladarea vârfurilor Pikes (4302m) și Mount Rosa (3505m), Colorado, S.U.A.</li>
<li>Escaladarea vârfurilor Gemsstock (2963m) și Winterhorn (2660m), ELVEȚIA.</li>
<li>Parcurgerea traseului Snowdon Horseshoe, Țara Galilor, MAREA BRITANIE.</li>
<li>Parcurgerea Văii Dades, a Văii Ourika și ascensiuni pe vf. Toubkal (4167m) și Ouanoukrim (4089m), MAROC.</li>
<li>Parcurgerea Traseului celor 8 lacuri din muntii Khanggai, Mongol Els, MONGOLIA</li>
<li>Ascensiuni pe vârful Myticas (2918m), munții Olimp, GRECIA;</li>
<li>Ascensiuni pe vârfurile Musala (2925m), Vihren (2914m), Malka Musala (2902m), Irenek (2852m) și Deno (2790m), BULGARIA;</li>
<li>Parcurgerea traseului de trekking către tabăra de bază a Everestului (Everest Base Camp-5364m), via trecătoarea Cho La (5420m) și lacurile Gokyo, cu ascensiuni pe vârfurile Gokyo Ri (5357m) și Kala Patthar (5550m)</li>
<li>Circuitul vulcanilor din estul Turciei - Ararat (5137m), Suphan (4058m), Nemrut (3050m)</li>
</ul>
<h4><span class="ez-toc-section" id="Qualifications"></span>Qualifications:<span class="ez-toc-section-end"></span></h4>
<ul>
<li>Agent de turism / Ghid local de turism</li>
<li>National Tour Guide / Mountain Guide – (license 10077);</li>
<li>International Mountain Leader;</li>
<li>First Aid Training – (certificate FPS 11/265/12.05.2024, issued by UPU-SMURD Tg. Mures);</li>
<li>Wilderness First Aid Training</li>
<li>US Special Forces Mountaineering Master Trainer Course, 1997, Fort Carson, Colorado, USA(qualified as Mountaineering Master Trainer level 2);</li>
<li>Military Ski Trainers Course, 2000, Saalfelden, AUSTRIA;</li>
<li>Avalanche Training Course, 2003, Andermatt, SWITZERLAND;</li>
</ul>
<p>I am a member of <a href="https://sgvh.hr/" target="_blank" rel="noopener">SGVH</a> – Savez Gorskih Vodica Hrvatske (Croatian Mountain Guides Association), internationaly affiliated to <a href="https://www.uimla.org/" target="_blank" rel="noopener noreferrer">UIMLA</a>.</p>
<p>If you want to have a better view of the tours and expeditions runned by myself, please check the <a href="https://mountainleader.ro/ro/trip-search-result/">Trip Search Result</a>.</p>
<p>Please feel free to join a trip led by a qualified international mountain leader. That will guarantee your safety and I will look carefully about your needs.</p>
<p><a href="https://mountainleader.ro/ro/">Intro</a></p>
<p> </p>
